 prime number?
True
Is 149237177 composite?
False
Is 50303623 a composite number?
False
Is 2469895 a prime number?
False
Is 2961113 composite?
False
Is 18230957 composite?
False
Is 363511 composite?
True
Is 72924389 a prime number?
True
Is 13375511 a composite number?
False
Is 166219 composite?
False
Is 3853981 composite?
True
Is 43772681 composite?
False
Is 163745 prime?
False
Is 34617133 prime?
False
Is 22999943 a prime number?
True
Is 885769 prime?
True
Is 58339571 a composite number?
False
Is 5134841 composite?
False
Is 2394253 prime?
False
Is 5160871 composite?
True
Is 404819 composite?
False
Is 1659277 a composite number?
False
Is 125257823 a composite number?
True
Is 5415527 prime?
False
Is 88552957 a composite number?
True
Is 2931919 composite?
False
Is 12057541 a prime number?
True
Is 46347019 prime?
True
Is 28370621 prime?
True
Is 11437457 a composite number?
False
Is 533597 a prime number?
False
Is 681589 a prime number?
True
Is 5490931 a prime number?
True
Is 35720189 a composite number?
False
Is 3415541 composite?
False
Is 303731 composite?
False
Is 89585663 a composite number?
False
Is 2055121 prime?
True
Is 524977 a composite number?
True
Is 31276733 a composite number?
True
Is 3526945 a composite number?
True
Is 445009069 composite?
False
Is 3411789 a composite number?
True
Is 11882165 prime?
False
Is 2219177 prime?
True
Is 48612653 a prime number?
True
Is 210191307 a prime number?
False
Is 982783 a composite number?
False
Is 31692281 a composite number?
False
Is 53955571 composite?
True
Is 1390799 prime?
False
Is 220851517 prime?
True
Is 22640179 a prime number?
True
Is 137589983 a composite number?
False
Is 17416361 composite?
False
Is 34982299 prime?
False
Is 1788055 prime?
False
Is 7650121 a prime number?
True
Is 325411 composite?
False
Is 223480669 prime?
False
Is 26374547 a prime number?
True
Is 24958541 prime?
True
Is 7875551 a composite number?
False
Is 85316623 composite?
True
Is 139383479 composite?
False
Is 1607219 a prime number?
False
Is 3523973 prime?
False
Is 684599 prime?
True
Is 7055185 composite?
True
Is 5119459 a composite number?
False
Is 5180843 prime?
False
Is 6315181 composite?
True
Is 4571219 prime?
True
Is 15066313 prime?
True
Is 238647529 prime?
False
Is 33000171 a prime number?
False
Is 678671 a composite number?
True
Is 1002257 a prime number?
True
Is 10171181 prime?
True
Is 4200695 composite?
True
Is 510463 composite?
False
Is 326472277 prime?
False
Is 3703603 a composite number?
True
Is 22646573 a prime number?
True
Is 128689 a prime number?
False
Is 3353897 prime?
False
Is 1385927 a composite number?
True
Is 28807019 composite?
True
Is 180005257 a composite number?
False
Is 468703519 a composite number?
False
Is 68586307 prime?
True
Is 69381983 prime?
False
Is 60091 a composite number?
False
Is 127865741 prime?
False
Is 1895671 a prime number?
False
Is 21943921 composite?
True
Is 981754 a composite number?
True
Is 22753823 composite?
False
Is 191242549 a prime number?
True
Is 251860673 composite?
False
Is 7839857 a prime number?
True
Is 127814801 composite?
False
Is 1039387 composite?
False
Is 91499699 composite?
False
Is 85889 a prime number?
True
Is 504973 a composite number?
True
Is 5196073 a composite number?
False
Is 4829711 composite?
False
Is 7517113 prime?
False
Is 422621 a composite number?
False
Is 1262957 a prime number?
True
Is 3809891 prime?
True
Is 241239634 a prime number?
False
Is 61450031 a composite number?
False
Is 761344559 a prime number?
True
Is 51049651 prime?
True
Is 1539763 a prime number?
True
Is 151667797 a prime number?
True
Is 125287 a prime number?
True
Is 3875174 a composite number?
True
Is 3492869 a composite number?
False
Is 5975945 a composite number?
True
Is 245992951 a composite number?
True
Is 79670273 a composite number?
True
Is 419743 a prime number?
True
Is 223946 prime?
False
Is 10602913 prime?
True
Is 32903594 prime?
False
Is 466409 prime?
True
Is 12715667 prime?
True
Is 90271837 prime?
False
Is 32485063 composite?
True
Is 87843083 composite?
False
Is 1046557 composite?
False
Is 228017 a prime number?
False
Is 63285559 a composite number?
False
Is 73589539 composite?
True
Is 26593549 a composite number?
False
Is 447654809 a composite number?
True
Is 9641714 a prime number?
False
Is 63969667 a prime number?
True
Is 83027491 a prime number?
True
Is 2178599 prime?
True
Is 7962602 prime?
False
Is 29336231 a composite number?
False
Is 954487 composite?
True
Is 36437 prime?
False
Is 129760447 prime?
True
Is 3086653 a prime number?
True
Is 145915069 composite?
False
Is 6898285 prime?
False
Is 69058406 a prime number?
False
Is 193489253 prime?
True
Is 14939 a prime number?
True
Is 185491 a composite number?
False
Is 16351889 a prime number?
True
Is 1838647 a prime number?
False
Is 1012847 a composite number?
True
Is 2512019 composite?
False
Is 184351 a prime number?
True
Is 30631177 a composite number?
False
Is 1992027 prime?
False
Is 733943 a prime number?
False
Is 21870169 composite?
False
Is 27409561 a composite number?
False
Is 10222657 prime?
True
Is 23209973 composite?
False
Is 224574523 prime?
True
Is 6902881 a prime number?
True
Is 92032429 a prime number?
True
Is 824851 composite?
True
Is 16900869 composite?
True
Is 364466 a prime number?
False
Is 13363195 a composite number?
True
Is 122928539 a prime number?
True
Is 714307091 prime?
False
Is 373695719 a composite number?
False
Is 84779521 a prime number?
False
Is 157307831 prime?
False
Is 13573281 prime?
False
Is 335806379 a composite number?
False
Is 139128653 prime?
True
Is 39355703 a composite number?
False
Is 20645029 prime?
False
Is 9622117 prime?
True
Is 381911 composite?
False
Is 10415967 a prime number?
False
Is 3601639 a prime number?
False
Is 56472811 a prime number?
True
Is 134610989 composite?
True
Is 10317401 a composite number?
False
Is 95614 prime?
False
Is 41083213 a prime number?
False
Is 262843847 a prime number?
False
Is 4301755 a composite number?
True
Is 30752273 a composite number?
False
Is 313091 prime?
False
Is 64609211 prime?
True
Is 20625463 a composite number?
True
Is 5833343 prime?
False
Is 34443457 prime?
True
Is 34560437 a composite number?
False
Is 359268295 a prime number?
False
Is 12440533 a prime number?
False
Is 176344466 a prime number?
False
Is 37334071 a prime number?
True
Is 11888553 a prime number?
False
Is 512246389 composite?
True
Is 3443963 a prime number?
True
Is 2423191 prime?
True
Is 28546233 a composite number?
True
Is 24111541 a composite number?
False
Is 23562871 a composite number?
False
Is 1168093 composite?
False
Is 12597751 a composite number?
False
Is 64006279 a prime number?
True
Is 170202611 prime?
True
Is 10415149 a composite number?
True
Is 12040237 composite?
True
Is 111917 a composite number?
True
Is 1356587 a composite number?
True
Is 10000247 a prime number?
True
Is 797555965 a prime number?
False
Is 2867422 a prime number?
False
Is 156963886 composite?
True
Is 1818373 prime?
True
Is 1849101 composite?
True
Is 2445089 composite?
False
Is 2571113 prime?
True
Is 437629 prime?
True
Is 2495123 a composite number?
False
Is 84918809 a composite number?
True
Is 1018859 a prime number?
True
Is 7698791 prime?
True
Is 6387061 a composite number?
False
Is 777977 composite?
False
Is 742831 a composite number?
True
Is 93746453 a prime number?
False
Is 77141021 prime?
True
Is 21770731 a prime number?
True
Is 52611254 a prime number?
False
Is 13713239 a prime number?
True
Is 14714023 a prime number?
False
Is 5860333 prime?
False
Is 7008451 a composite number?
False
Is 3373471 prime?
True
Is 14818639 prime?
False
Is 53965271 composite?
True
Is 1592993 a prime number?
True
Is 30539681 prime?
False
Is 645021107 a composite number?
False
Is 45768799 a composite number?
False
Is 65097977 a prime number?
False
Is 31986407 a composite number?
False
Is 7170721 prime?
True
Is 4801999 composite?
False
Is 111889 composite?
True
Is 121378791 a prime number?
False
Is 14880779 a composite number?
True
Is 25120273 a composite number?
False
Is 1676785661 prime?
False
Is 241294079 composite?
True
Is 70489889 prime?
True
Is 4970171 a prime number?
False
Is 18246047 a prime number?
False
Is 6471903 a composite number?
True
Is 205751387 a composite number?
False
Is 1198639